 the thousands digit of (-225)/50*(-4904)/c?
1
Suppose b + 6 = 4*b. Suppose 4*a - b*a = 160. Suppose 6*q - 3*q + 2*z - a = 0, -5*q = -2*z - 128. What is the tens digit of q?
2
Suppose v + 24*g - 47432 = 29*g, -5*v = 6*g - 237253. What is the thousands digit of v?
7
Suppose -23*i - 11*i = -68. Let h(k) = 134*k**3 + 5*k**2 - 6*k + 3. What is the units digit of h(i)?
3
What is the tens digit of 69447/6 - ((-406)/(-28) - 14)?
7
Let w(h) = -h**3 - h**2 + 5. Let c be w(0). Suppose -10*m - 51313 = -51353. Suppose -5*u + m*i + 21 = 0, -3*i = 5*u - c*i - 23. What is the units digit of u?
5
Suppose -633 + 4563 = 5*h - 5*f, 5*h - 3924 = 2*f. Suppose -8*x - h = -x. Let a = x - -182. What is the units digit of a?
0
Suppose -3*x + 6 = -162. Let l = -52 + x. Suppose l*y - 6*y = -4*d - 316, 3*y - 439 = -d. What is the tens digit of y?
4
Suppose -115*d + 93*d + 110 = 0. Suppose -d*y + 8049 = 2919. What is the tens digit of y?
2
Suppose 69 = 2*q + 3*w, -2*w = 4*q - 114 - 12. Suppose -17949 = -q*d + 20511. What is the thousands digit of d?
1
Let y(a) = -295*a + 311*a - 6 - 32. What is the hundreds digit of y(9)?
1
Let l(o) = -o**3 - o**2 + 2*o - 32. What is the thousands digit of l(-17)?
4
Let k be ((-12)/9)/((-4)/90). Let i be (48/k)/((-4)/(-110)). Let b = 22 + i. What is the units digit of b?
6
Suppose -14*b + 573853 = 37*b - 24683. What is the units digit of b?
6
Let o(d) = d**2 + 16*d + 25. Suppose -15*s - 144 = -6*s. Let k be o(s). Suppose 0 = 28*x - k*x - 474. What is the tens digit of x?
5
Let q(y) = -125*y - y**2 + y**2 - y**3 + 5 + 121*y. Let f be q(0). Suppose -162 = -f*h + 3*h. What is the units digit of h?
1
Let f = 2144 + 3666. What is the thousands digit of f?
5
Let i(c) = c**2 - 22*c + 61. Let z be i(19). What is the tens digit of 750 - (-1 - z - 2)?
5
Let j = 16 - 14. Let d be (-2)/(-8)*2*(112 + j). Let a = d - 25. What is the units digit of a?
2
Let z be ((-4)/6)/(30/(-585)). Suppose 5395 = -0*w + z*w. What is the tens digit of w?
1
Suppose 5*r = 744*x - 739*x - 36680, -4*r - 7351 = -x. What is the units digit of x?
1
Let g = 249 - 89. Suppose 5*j + g = j. Let u = j + 53. What is the tens digit of u?
1
Let g be (24/(-14))/(-2 - 100/(-56)). Let q be 2/4*1 + (-475)/(-2). Suppose -2*r + 2*i + q = 6*i, 0 = -4*i - g. What is the tens digit of r?
2
Let x be 0 - (-5)/(-30)*0. Let l(g) = -16*g - 1. Let d be l(-2). Suppose u - 54 + d = x. What is the tens digit of u?
2
Let t = 78 - 74. Suppose t*q - 768 = 2*q. Suppose 0 = -2*f - 3*x + q, -f + x + 117 = -80. What is the units digit of f?
5
Let y be (-1)/(4/28 - 0). Let v = -158 - -161. What is the units digit of y/21 + 742/v?
7
Let b = 105065 + -35971. What is the ten thousands digit of b?
6
Let g(s) = 35*s**2 + 5*s - 5. Let x be (1/1 - 3)*-1. What is the tens digit of g(x)?
4
Let m = -109 + 118. Suppose 1445 = 5*s - 2*o, s + m*o - 10*o - 292 = 0. What is the hundreds digit of s?
2
Let s be 5/25*-9*(-10)/3. Suppose -8*j + 2*w + 1072 = -s*j, 16 = 4*w. What is the hundreds digit of j?
5
Suppose 81*h = 68*h + 4446. What is the hundreds digit of 114/h + (-4756)/(-6)?
7
Let o(z) = z**3 + 24*z**2 - 28*z - 23. Let c be o(-25). What is the tens digit of 132*(-4)/(-6)*429/c?
2
Let w(u) = -9*u + 120 - 74*u + 13*u. What is the tens digit of w(-6)?
4
Let i = -65 + 71. Suppose 4*s = -4*t + 56, 0 = -2*t + i*s - 2*s - 2. Suppose -8*k + t*k - 110 = 0. What is the hundreds digit of k?
1
Let t = 1622 - 663. Let q = t - 473. What is the hundreds digit of q?
4
Let r(a) = -16*a**2 - 24*a + 5. Let y(o) = 18*o**2 + 26*o - 5. Let q(v) = -6*r(v) - 5*y(v). What is the tens digit of q(-5)?
7
Let y be ((-10)/(-6))/(15/2385). Let o = y - 161. What is the units digit of o?
4
Let k(q) = 3*q**2 + 23*q + 7. Let f(m) = -m**2 - 8*m - 2. Let l(r) = 11*f(r) + 4*k(r). Let j be l(-6). Suppose 177 = -15*d + j*d. What is the units digit of d?
9
What is the tens digit of (-4*(-3)/(-48) + -2)/(9/(-53772))?
4
Let t be (1 - 3)*(-3400)/80. Suppose 95*i - 10370 = t*i. What is the tens digit of i?
3
Suppose -10 = -4*m + 4*v - 5*v, -4*v - 5 = m. Suppose m*h - 1203 = 1398. What is the units digit of h?
7
Let o(w) = w**2 - 2*w - 17. Let h = -64 + 69. Let a be -2 - (1 - 0)*-2*h. What is the tens digit of o(a)?
3
Let v(h) = 2*h - 4. Let i be v(3). Let y = 1071 + -1078. What is the units digit of (i/10)/(y/(-2905))?
3
Suppose 4*u - 7*u = -5*n + 1885, 3*u - 377 = -n. Suppose 0 = 27*r + n - 1889. What is the units digit of r?
6
Let m = 8362 - -2801. What is the tens digit of m?
6
Suppose 11*i - 74223 = 60406. What is the thousands digit of i?
2
Let q = -320 - -318. What is the hundreds digit of q + 0 + -1 - -367?
3
Suppose -2*j + 10664 = 5*h, 7*h - 21352 = -4*j + 3*h. What is the thousands digit of j?
5
Let f(a) = a + 319. Let u be f(0). Let z = 961 - u. Suppose -z = -5*h - 162. What is the units digit of h?
6
Let c(p) = 543*p**2 + 3*p. Let z be c(-1). Let x = z - 122. What is the tens digit of x?
1
Let x(s) = -s**2 - 16*s + 22. Let n be x(-17). Let l(p) = n*p - 4*p + 7 + 5. What is the tens digit of l(5)?
1
Let q(r) = -1 - 12 + 7*r - 6*r**2 + 7*r**2. Let m be q(-9). Suppose m*j = 2*h - h + 519, 2*j - 226 = 5*h. What is the units digit of j?
3
Let w(m) = 162*m + 3580. What is the hundreds digit of w(115)?
2
Suppose -79*h = -62*h - 20383. What is the thousands digit of h?
1
Let u = -11100 + 18444. What is the hundreds digit of u?
3
Let a be (-916)/(-8) - (-2)/16*4. Let x be (-109 - -1)*1/2. Let z = x + a. What is the units digit of z?
1
What is the hundreds digit of 10/(-14) + (-927017)/(-49)?
9
Suppose -25*u + 326881 = -10294. What is the thousands digit of u?
3
Let v(c) = -2*c**3 + 13*c**2 + 3*c - 24. Let a(u) = 4*u**3 - 25*u**2 - 7*u + 50. Let r(g) = 3*a(g) + 5*v(g). What is the tens digit of r(8)?
6
Let h(i) = -18. Let o(t) = -t - 88. Let l(n) = 11*h(n) - 2*o(n). Let d = 41 + -29. What is the units digit of l(d)?
2
Let a be (77/(-14) - -6)*-8. What is the hundreds digit of ((-3873)/(-6))/1 + (-2)/a?
6
Suppose 2*g + g = 30. Let c(n) = n**3 + 26*n**2 + 26*n - 4. Let b be c(-25). Let j = g - b. What is the tens digit of j?
3
Suppose -6*j - 44 = -2*f - j, 20 = f - 2*j. What is the hundreds digit of (-2650)/(-2)*(-6 + -5 + f)?
3
Let m be 18/45 + 39/15. Suppose m*o = 4*o - r - 184, 550 = 3*o - 2*r. What is the tens digit of o?
8
Let t = -256 + 261. Suppose -5*d - 5 = -0*d, t*s + 5*d = 6735. What is the hundreds digit of s?
3
Suppose -10829*f + 23212 = -10828*f. What is the ten thousands digit of f?
2
Let q = -30 + 37. Let g be 5/(-20) - (q/4 + -2). Suppose g = -11*w + 14*w - 18. What is the units digit of w?
6
Let a(j) = -j**3 + j**2 + 2*j - 5. Let g be a(-2). Suppose -4*s - 1353 = -g*z + 2111, -3*z = -5*s - 3466. What is the thousands digit of z?
1
Let h be (-71 - -57)*(-2)/(-4). Let y(l) = -2*l**3 - 6*l**2 - 27*l - 52. What is the tens digit of y(h)?
2
Suppose -37*l + 2*l - 140010 = -461345. What is the tens digit of l?
8
Suppose 0 = -q + 6*q - 5*r - 20, 3*r + 12 = 2*q. Let x be (0 + 0)/(9/3). Suppose 5*m - 3*t - 353 = q, -m + 0*m + t + 69 = x. What is the units digit of m?
3
Let k(d) be the second derivative of d**4/4 - d**3/6 - 7*d**2/2 + 32*d. Let y be 2/(0 - 8/12). What is the units digit of k(y)?
3
Suppose 4*b = 7*b - 12. Suppose -5*l - 4*z - b = -0*z, 1 = l - z. Let n = 33 + l. What is the tens digit of n?
3
Let s = 4944 + -282. What is the tens digit of s?
6
Suppose -4*m = 14*m. Suppose -2*z + 2411 = 5*l - 609, m = -l - 5*z + 627. What is the units digit of l?
2
What is the hundreds digit of (96 - -16)/16 - -83068 - 7*1?
0
Suppose 3*y - 42 = 2*b, 5*y + 4*b = 45 + 3. Let t(x) = 2*x**3 + 4*x**2 - 14*x - 1. Let u be t(-4). What is the units digit of -1 + ((-582)/u - 8/y)?
3
Let h = -311 + 13945. What is the hundreds digit of h?
6
Let n be 6/15 + 364/65. Let k(a) = 241*a + 170. What is the units digit of k(n)?
6
Suppose -11*l = -16*l + 10, 3*l = 4*h - 26. What is the units digit of 9/(-15) + h*(-801)/(-30)?
3
Let h = 27455 - 19000. What is the thousands digit of h?
8
Suppose 3*t - 2*r = 3006 + 289, 4*t - 3*r - 4394 = 0. Let g = -593 + t. What is the units digit of g?
4
Let q(a) = -1021*a + 4647. What is the thousands digit of q(-77)?
3
Let j = 52 + -52. Let w be 30/7 - 50/175. Suppose j*a + w*a - 800 = 0. What is the hundreds digit of a?
2
Suppose 0*f +